-15 - -10))?
-26
-33 - -41 - (1 + (-9 - ((1 - 0) + 1)))
18
18 - (26 - 80) - 12
60
What is the value of 35 + (-32 - 22) + 59?
40
175 - 202 - (-11 + -63 + 10)
37
What is the value of 4 - -4 - (50 - (-6 + (27 - 16)))?
-37
Evaluate 5 + -3 - ((-11 - -21) + (4 - (25 - 5))).
8
What is the value of 1 + 4 + (-11 - -5) + -10 + 10?
-1
What is the value of -14 + 1 - (-9 + 4 - (-24 - -12))?
-20
What is 39 - (-34 + (-37 - -75))?
35
Evaluate (-1 - -33) + (-65 - -13) - (1 - -2).
-23
Evaluate (147 - 148) + -1 + -3 - (22 - 0).
-27
(-42 - (3 + 4 + -36)) + 58 + -1
44
Evaluate -184 + 301 - (1 + 27) - (-7 + 6).
90
What is the value of (-13 - 1) + -2622 + 2648?
12
Evaluate -34 + -1 + 73 + -44.
-6
What is -20 - (-166 - 7 - (-4 - (2 - -13)))?
134
Calculate -27 + 1 + (453 - 458) + -22.
-53
Evaluate (54 + (-3 - 19) - -41) + 4.
77
What is the value of (-47 - -46) + (-43 - -13)?
-31
What is the value of 9 - (-20 - (-20 - 20)) - -79?
68
What is (-3 - 12) + -20 + 13 + 2 + 1?
-19
(1 - -46) + -2203 + 2120
-36
Evaluate -186 + 199 - (3 + -29).
39
Calculate 40 - (45 + -14 + 2) - (-1 - (-56 - 2)).
-50
What is the value of 9 + -100 + 357 + -262?
4
1692 + -1678 - (-1 + 2 + -33 + -2)
48
Calculate (-4 - 7) + (61 - -2) + -392 + 382.
42
Evaluate 49 + 11 - (-510 + 660).
-90
What is the value of 10 + (0 - 9 - -18) + 11 + 12?
42
What is the value of 151 + (174 - 109) - 124?
92
Evaluate 93 + (-23 - (-1 - (27 + 9))) + -4.
103
-3 + (1 - (5 - 8)) - 6 - (3 - 6)
-2
Calculate -7 + (-25 - -15 - 23) + (15 + -6 - 10).
-41
Evaluate -98 + (51 - 6) - (-14 - -14 - (1 + -3)).
-55
Calculate 15 + (-1 - 24) - (17 - (6 + 3)).
-18
Calculate (-29 - (3 - 13 - -7)) + 99.
73
Calculate 105 - (34 - -27) - (-79 - 5).
128
What is the value of 1 + -4 + (-1 - 14) + -13 + -9?
-40
(-7 - (-1 + -3 + -4)) + (29 - 9)
21
What is -888 + 899 - (0 - 27)?
38
What is the value of (14 - 2) + (4 - 6) + 183 + -155 + 38?
76
(-1 - 7) + 5 + 40 + (-4 - 27)
6
Evaluate -26 - (-22 - (-30 - -19) - 7) - 84.
-92
What is the value of 81 + 3 + -164 + -10?
-90
-89 + (22 - -8) + -10 + (56 - 84)
-97
What is (341 - 240) + (0 + 3 - (12 - (12 + -3)))?
101
Calculate -11 + 65 + -32 + 7 + -4 + -4.
21
What is 65 + -23 - (83 + -52)?
11
Calculate 10 + (12 - 0 - 2 - (-68 + 71 + 39)).
-22
-27 + (-3 - 15) - (17 - -7)
-69
(-50 - -6) + 50 + (10 + -5 - 48) + 5
-32
Calculate 220 - 189 - (61 + -7).
-23
-15 + 9 + 71 + -85
-20
Calculate -17 + (-3 + -1 - (4 - (9 + 0))).
-16
Calculate -46 + ((-15 - -24) + -5 - 16 - (-6 - -6)).
-58
(7 - 48) + -26 + 18 - 27
-76
What is (0 - -8 - 0 - (820 + -815)) + 39?
42
What is the value of 18 + 69 + (26 - 27) + -18?
68
What is the value of -8 + -64 - (49 + 3 + -85)?
-39
What is the value of -15 + (-70 - (-63 - -24))?
-46
What is 0 + 0 - 30 - (9127 + -9280)?
123
Evaluate 25 + -4 + -110 + 59.
-30
What is the value of (-192 - -56 - -137) + -1 + -73?
-73
What is 1418 + -1461 - (-3 - (66 - -2))?
28
Calculate (7 - (-35 + 47) - (2 + -22)) + -31 + -60.
-76
Calculate 27 - ((-4 - -36) + -21 - 9).
25
What is the value of 24 - (6 + -11 + 90 + -20)?
-41
-1 + 6 - 1 - (-153 - (130 - 289))
-2
Evaluate 4 - (44 - -1) - (5 - (-2 - -11)).
-37
What is the value of 21 + (-27 - (-39 - -21))?
12
Calculate -5 + (-21 - -13) - (8 + -5 - (88 + 4)).
76
Evaluate 3 + -9 + (-3816 - -3651 - (1 - 25)).
-147
Evaluate (67 - (29 - 22)) + -16 + -27.
17
What is 4 + (-2 + 10 - (-6 - 1 - -11 - 4))?
12
Calculate -22 + 0 + (122 - 34) + 14 - (1 + -14).
93
Calculate -33 + 15 + -16 + 31 - -11.
8
Evaluate (22 - 101) + 282 + -96.
107
What is 11 - ((8 - -3) + (24 - 0) + 45 + -64)?
-5
Evaluate (-1 - -1 - -25) + -6199 + 6202.
28
What is the value of (-4 - -3) + 23 + (20 - ((39 - 10) + -2))?
15
What is -109 - (-101 + (148 - 125))?
-31
Calculate 1554 + -1570 + (1 - (-1 + 0)).
-14
7 + (-9 - (-4 - 27) - 23) + (-12 - -3)
-3
140 + -443 + 344 - (121 + 0)
-80
Evaluate -79 + -22 + 97 - (-1 - (3 - 2)).
-2
(-1 - 26) + -292 + 357
38
Calculate (-7 - (14 - -3)) + -5 + (2 - 7).
-34
What is the value of 53 + (1 + 28 - 47)?
35
Calculate 9 + -6 + (-22 - -5) - -44.
30
What is -11 - ((1 - 3) + 14 + -220 + 191)?
6
50 + -62 + (-5 + 7 - -163 - 11)
142
What is -20 - (-64 - (-32 + 9))?
21
What is the value of 72 + (-35 - (6 - 111))?
142
Evaluate 44 - (77 - 48) - 25.
-10
Evaluate -42 - (77 - 130) - 69.
-58
Calculate 10 - (-34 + 39 + 10 + 5).
-10
Calculate 17 + -44 + (5 - 19).
-41
What is -1 + 2 - -2 - 61 - (-2259 - -2246)?
-45
Calculate -129 + 126 + -18 + 5.
-16
2 + -51 + -664 + 696
-17
What is (-43 + (-6 - -5) - (31 + -43)) + -12?
-44
Calculate 46 + 12 + 2 + 17 - (-7 + 0).
84
Calculate -12 + (-11 - -18) + 6 + 1.
2
Calculate -12 + 23 + (36 - 96 - (-6 + -3 + 3)).
-43
What is -27 - (20 + -5 + -18 - (6 - (2 - 0)))?
-20
(-780 + 792 - (44 - -1)) + -1 + 10
-24
What is the value of 3583 + -3586 + (-1 - -2 - 51 - -1) + 6?
-46
What is 9 - 1 - ((-1 - -50) + (-71 + 31 - -44))?
-45
What is (46 - ((-35 - -60) + 24)) + (0 - (-37 - -1))?
33
(-37 - -65) + (1 - 10) - (3 + 10) - 77
-71
Calculate -100 - (261 - 391) - (-87 + -1).
118
5 - (131 + -125 + ((-8 - -2) + 6 - -5))
-6
What is -401 + 417 - (3 - -11)?
2
6 + 205 + -219 + 0 + 15
7
What is the value of -9 - 1 - (6 + 11) - (265 + -263)?
-29
Evaluate -1 + 4 + -17 + (1 - -8) + -14 + 13.
-6
Evaluate -6 - ((-6 - -4) + -10 + (23 - -13) + -45).
15
Evaluate -1098 + 1060 - (3 - 36).
-5
What is -2 - ((1 - 1) + 29 + (-2 - 15) + -8)?
-6
What is the value of (94 + 65 - 0) + -54?
105
48 - (9 - ((-13 - 7) + 7 - (-11 - 0)))
37
What is the value of -1 + (-2 - -5) + -36 + (-28 - -23)?
-39
What is the value of -4 + 1 + (-2 - (-4 + 5 - (-49 + 40)))?
-15
What is -47 + (2 - -31) - (-3 + -23)?
12
What is the value of -82 + 69 + (3 - 19) + 20 + -91?
-100
What is the value of (-3 - -17) + (-7 - 3 - (-16 + -3))?
23
Evaluate 27 + 7 - 3 - 22.
9
Evaluate -22 + (-16 + 99 - 26) + -23.
12
Evaluate 38616 + -38603 - (-1 - (12 + -2)).
24
-117 + (119 + -253 - -151)
-100
What is the value of -38 - (-11 + (56 - 70))?
-13
What is -65 + (-3 - (4 - 4) - -12) + 6?
-50
What is (-40 - -8 - -126) + -23?
71
What is 2 + -7 + 7 + (14 - 19)?
-3
What is the value of (5 + 0 - (-60 + 55)) + 5?
15
Evaluate (124 - 218) + 64 + (-4 - -14).
-20
Calculate 15 + 0 + -95 + (-1 - 4) + (31 - 23).
-77
What is -26 - (-1 + (27 - (30 - 2)))?
-24
178 + -115 + 24 + -17 + -41
29
1 + -1 - (-33 - -1) - (-96 - (50 - 142))
36
What is 21 + 0 + -4 + 113 + -99 + -16?
15
-7 - 9 - (9 + -6 + -19)
0
What is the value of -15 + (-51 - -88) + -2?
20
What is the value of 15 + (12 - 15) + (22 - 7) + -48?
-21
Calculate -12 + (-2 - 1) + 0 + -2 + 2 + -2.
-17
Calculate 78 + (35 - 8 - (1 - -10)) + -18.
76
Evaluate ((0 - -8) + -8 - -4) + (6 - 38) + -4.
-32
What is (-3 - 180) + 61 - -32?
-90
What is (9 - 3) + -12 - -3 - (11 + 73)?
-87
What is 106 + -26 - (-4 + 40 + -10 - 8)?
62
Calculate -1 - 15 - (42 + -57) - (2 + -36 - 1).
34
What is -75 + (113 - (-67 + 86))?
19
Evaluate -25 + 5 + ((26 - 7) + -8 + -7 - -3).
-13
What is the value of 4 - 3 - -3 - (284 - 278) - -24?
22
-12 + -27 + 52 - (-4 - (-9 + -1)) - -68
75
Evaluate -5 - (-33 - (5 - 10 - (-5 + -3) - -5)).
36
Evaluate -2 + (1 + -63 - (-527 - -511)) + -14.
-62
Evaluate 1 + (-8 - (-2 + (0 - -5) - 0)).
-10
What is (56 - 30) + -83 + 21 + 1?
-35
What is 71 - (34 - 17) - (26 - 7 - 18)?
53
What is the value of -2928 + 2941 + (1 + -1 - 55)?
-42
8 + 3 + -3 + -5 + 48 + -23
28
What is the value of 45412 + -45401 - (-37 + 1 + -3)?
50
Calculate 47 + 0 - (-8 - (-2 + 1) - -10).
44
-15 - (35 - ((-2 - 13) + 13))
-52
What is the value of -1 + 36 - (22 - (13 + (-13 - (-7 - 13))))?
33
Calculate (-460 - -466) + (2 - (54 - 1)).
-45
What is (1 + -3 - 6 - (-202 - -190)) + -15?
-11
Evaluate -43 + -5 + 18 + -7 + -9.
-46
Calculate -41 - (-13 - 6) - -15 - ((8 - 16) + -29).
30
Calculate 27 + -14 + -48 + 3 + 16 + -4.
-20
What is (-3 - -1) + (9 - (9 - -21)) - -10?
-13
1 + 23 - ((-10 - -30) + -44 + 30)
18
Calculate -16 - (-81 - (-27 + -7)).
31
What is the value of 91 - ((4 + 4 - -3) + (-20 - -18))?
82
(14 - (21 + (-15 - -11 - -5) + -12)) + 24
28
What is 40 + -94 - (3 - 66)?
9
What is 0 - -44 - (-1929 - -1935)?
38
Evaluate 5 + 3 + -2 + (-14 - -20) + (-18 - -32).
26
40 - (-20 + 52) - (8 + -7) - (-1 - -135)
-127
Calculate (-1 - -1) + (2 - 11) - -49.
40
Calculate 107 - (23 + 96 - 55).
43
What is (8 - -15) + (2 - (-4 - -9 - -2))?
18
(48 + 76 - 89